0/(-25)) + -3. Let p(n) = -5*n + 4 + 3*n - n - 2. Let j be p(v). What is the greatest common factor of j and 20?
5
Let a(q) = q**3 - 10*q**2 + 4*q - 22. Let f be a(11). Let v = -3052 + 3065. What is the greatest common factor of f and v?
13
Let j(z) = 52*z - 2. Let g be j(3). Suppose -5*k + g = 9*k. Calculate the highest common divisor of 341 and k.
11
Let r(j) = 14*j - 2. Let b be r(2). Let z(p) = -21*p**3 + 6*p**2 + 48*p + 86. Let f be z(-2). What is the highest common factor of b and f?
26
Suppose -2*v + 4*v = 138. Let w(q) = -2*q**2 - 281*q + 1761. Let x be w(6). Calculate the greatest common factor of x and v.
3
Let j(k) = 337*k + 27. Let x be j(-1). Let v = 313 + x. Calculate the greatest common factor of 33 and v.
3
Let k(d) = -d**3 + 6*d**2 - 3. Let u be k(4). Let t = u + -27. Suppose -3*n - t*f = 3*f - 40, 32 = 4*n - 4*f. Calculate the greatest common divisor of 30 and n.
10
Let g(f) = 64*f - 47. Suppose 3*a + 2*a = 4*h + 9, -5*a = -2*h - 7. Let q be g(a). What is the greatest common factor of 289 and q?
17
Let v = -3328 + 3480. Calculate the highest common divisor of v and 1577.
19
Let k be ((-1)/(2/4))/((-14)/5075). Let s = k + -505. Suppose -2*a = 2*a - s. Calculate the highest common factor of a and 11.
11
Let o = -49 - -87. Let s = -1023 - -1365. Calculate the greatest common factor of s and o.
38
Suppose 5*r - 202 = 2*d + 274, 4*d = 4*r - 388. What is the highest common factor of 8507 and r?
47
Let q = -172 + 101. Let o = -27 - q. Calculate the greatest common divisor of o and 154.
22
Let v be (-9 - 15/(-3))*(-213)/4. Suppose -106 - v = -11*j. Calculate the greatest common factor of j and 493.
29
Suppose 1401 = 7*q - 3044. Calculate the highest common factor of q and 508.
127
Let b(a) = 3*a - 33. Let g be b(23). Let m = -1351 + 1627. What is the greatest common divisor of g and m?
12
Let m = -7408 - -9100. What is the greatest common divisor of m and 36?
36
Let c be 3/(-15) + (-26)/(-5). Suppose 5*a - 13 + 48 = 3*o, 0 = o + c*a + 15. Suppose -78 + 378 = o*j. What is the highest common factor of j and 24?
12
Suppose 2*h - 4*h = 74. Let g be 1 + -31 + (12 - 13). Let c = g - h. What is the greatest common factor of 4 and c?
2
Let d = -26 - -65. Let z = 143 + d. Suppose 7*g - 5*g - 52 = 0. Calculate the greatest common divisor of g and z.
26
Let l(q) = q**3 - 38*q**2 + 38*q - 574. Let v be l(38). Calculate the highest common factor of v and 360.
30
Let b(y) = 2 + 10*y + 6*y + 4 + 3*y**2 - 6*y. Let k be b(-6). Calculate the highest common divisor of 189 and k.
27
Let i be -18 + 26 - -48*(-72)/(-12). Suppose -2 = w + 3*m - 1, 3 = -m. Calculate the greatest common factor of i and w.
8
Let l = 66 - 64. Suppose s = 4*a + 4*s - 7, s - 17 = -5*a. What is the highest common factor of l and a?
2
Let l be (20/2)/((-2)/(-10)). Suppose 103 = 4*q + 3*p, 3*q + 3*p + 964 = 1042. What is the highest common divisor of q and l?
25
Let j be ((-3)/(-3) + 95)/(6/116). What is the highest common factor of j and 24?
8
Suppose -32 = -m - m. Suppose -929*d = -923*d - 9582. Suppose -541 + d = 44*y. Calculate the highest common factor of y and m.
8
Let j = 35 - 29. Suppose 0 = -2*n + 82 + j. Suppose -3*u + 2*s = -47, n = 2*u + 2*s + 16. Calculate the greatest common factor of 150 and u.
15
Suppose 5*l = 5*w - 135, 2*w + 62*l - 67*l - 63 = 0. Calculate the greatest common divisor of w and 1842.
6
Suppose 5*o + 2*t + 189 = -0*o, -t - 75 = 2*o. Let r = -68 - -66. Let p be 5 + r - (o + 3). Calculate the greatest common factor of p and 13.
13
Suppose 4*g - 101 = -y + 36, 172 = 4*g - 4*y. Let x be (-540)/50*(-5)/2. Calculate the greatest common divisor of g and x.
9
Let x(w) = w**3 + 27*w**2 + 140*w + 327. Let k be x(-21). Let o(f) = -100*f - 3. Let z be o(-3). What is the highest common divisor of z and k?
33
Suppose -4*c + 167*d = 165*d - 1766, -2*d - 1322 = -3*c. Calculate the greatest common factor of c and 276.
12
Suppose 3*l - 5*l = -24. Suppose 2*w + 8 = l. Let a be (-15)/(-10) + 165/w. Calculate the highest common divisor of a and 21.
21
Let n(a) = -4*a + 1. Let x be n(-1). Suppose -x*p = -p - 28. Let b be -5*4002/(-575) - (-1)/5. What is the highest common factor of b and p?
7
Suppose -201 = -4*m + 215. Suppose 0 = 4*q - 20, 0 = -2*s - 3*q - 186 + 313. Calculate the highest common factor of s and m.
8
Suppose -270*r = -269*r + 517. Let s = 1489 + r. What is the highest common divisor of 36 and s?
36
Let b(h) = -h**2 - 18*h. Let f be b(-10). Let r be 2/(4 - 316/f). Let y be (-5)/((-4)/72*3). Calculate the greatest common factor of r and y.
10
Let g(h) = h**2 - 6*h - 5. Let p be g(7). Suppose 5*w = 5*m - 10, -101 = 5*w + 4*m - 127. What is the greatest common factor of p and w?
2
Suppose -5*p = 3*k - 243, -250 = 3*k - 2*p - 472. What is the highest common divisor of k and 40?
4
Let s(t) = 10*t - 23. Let z be s(3). Suppose -z*c = 15 - 1940. What is the highest common factor of c and 22?
11
Let z be ((-2)/4)/(1/(-38)). Suppose -591*q = -592*q + 404. Suppose q = d + 385. What is the highest common factor of z and d?
19
Let s be (1 - 26) + (-421910)/(-62). What is the greatest common factor of 75 and s?
15
Let u(j) = j**3 - 6*j**2 - 2*j + 26. Let k be u(12). Suppose -862*a - 64 = -k*a. What is the greatest common factor of a and 304?
16
Let x = 16959 + -15391. Calculate the highest common factor of 49 and x.
49
Let t be 1/(5/9860) - (2 - 5). Calculate the greatest common divisor of t and 158.
79
Suppose -4*w + w = -90. Suppose -5*s = 3*d - 1044, -3*s + 112*d = 110*d - 634. What is the highest common divisor of s and w?
30
Let v = -149 + 479. Calculate the highest common factor of 90 and v.
30
Let a = 138 + -134. Let x = -27 + 51. Suppose a*o = -t + x, -91 = -2*t + 3*o - 10. Calculate the greatest common factor of t and 4.
4
Suppose 4*s - 352 = -3*r, -5*r = 59*s - 55*s - 592. Calculate the highest common factor of 2112 and r.
24
Let v be (-405)/(-7) + 35/245. Suppose 21*p = v + 68. Let d(m) = m**3 - m - 2. Let k be d(2). Calculate the highest common divisor of k and p.
2
Suppose -100 = -2*p - 4*k, 2*p = -0*p - 5*k + 99. Let h = p + -5. Suppose 16*l = 127 - h. Calculate the highest common divisor of 45 and l.
5
Let w = 105 - 30. Let c(k) = -k**2 - 366*k + 5326. Let q be c(14). What is the highest common divisor of q and w?
3
Let n be (-3 - -5)*(-53219)/(-38). Suppose 6*i + n = 4*j + 5*i, 0 = 5*i + 5. What is the greatest common factor of 28 and j?
28
Let w = -2053 + 2337. What is the highest common factor of 16 and w?
4
Suppose 3*d - w = 32, w = -d + 5*w - 4. Suppose -2*v = -3*f - 4*v - 20, -f + v - 15 = 0. Let l = d + f. What is the highest common divisor of 14 and l?
2
Let i = 3372 + -3292. Let u(t) = -t. Let f(c) = c**2 - 18*c + 2. Let d(b) = -f(b) + 6*u(b). Let q be d(8). Calculate the greatest common divisor of q and i.
10
Let y = 2 + 14. Let v = 16200 - 16136. Calculate the greatest common factor of v and y.
16
Let r = 11 + -6. Suppose -r*m - z - z = -127, 4*z = -3*m + 65. Calculate the highest common factor of 3 and m.
3
Let u(i) = -i**3 + 8*i**2 - 3*i - 6. Let p be u(5). Let m be 33/(-11) + 12 - 12/(-16)*-8. What is the greatest common factor of p and m?
3
Let k be 1/(2 - (-3)/(-2)). Suppose 0 = -c - c + k*x + 244, 642 = 5*c + 3*x. Calculate the highest common factor of 18 and c.
18
Let k be -5*(4208/(-40) + 6) - 2. What is the highest common divisor of k and 104?
26
Suppose 122*z + 31*z - 23868 = 0. What is the greatest common divisor of z and 8?
4
Let f be 30*((-55)/15 + 4). Let g be 30/45 + 298/(-6). Let z = 31 - g. Calculate the greatest common factor of z and f.
10
Let d = -11544 - -11922. What is the greatest common divisor of d and 6258?
42
Suppose -r = -3*r + 136. Let o = -904 - -1006. Calculate the greatest common divisor of r and o.
34
Let j(s) = -s**2 + 9*s - 10. Let z be j(7). Let o(x) = -x**2 + 8*x - 3. Let n be o(z). Let h = 58 - n. Calculate the greatest common factor of 18 and h.
9
Let o(i) = -20*i - 15. Let j(l) = 7*l**3 + l**2 + 2*l + 2. Let z be j(-1). Let w be o(z). What is the highest common factor of w and 70?
35
Let h(f) = 13*f**3 - 4*f**2 + 31*f - 81. Let a be h(6). Calculate the highest common divisor of 39 and a.
39
Let q = -219 + 122. Let b = q + 125. What is the greatest common factor of b and 182?
14
Let y be 3/(2 + (-26)/